1
-10033 (base 4) to base 6
-1131
45 (base 15) to base 16
41
Convert -414331 (base 6) to base 12.
-173a7
110250 (base 8) to base 9
55716
What is 8467 (base 10) in base 3?
102121121
Convert -7b0 (base 12) to base 5.
-14030
-5e23 (base 15) to base 13
-918c
22545 (base 6) to base 12
1a55
What is 627 (base 12) in base 4?
31333
Convert -244 (base 8) to base 4.
-2210
What is 1000000010111101 (base 2) in base 16?
80bd
-2919 (base 16) to base 4
-2210121
Convert 66550 (base 8) to base 15.
8473
22440 (base 10) to base 5
1204230
Convert 32236 (base 7) to base 5.
224024
What is -331146 (base 7) in base 12?
-29716
41540 (base 7) to base 15
3065
14541 (base 7) to base 8
7717
What is -22615 (base 8) in base 6?
-112301
What is 394 (base 15) in base 16?
32e
11a5 (base 13) to base 2
100111000101
-872 (base 12) to base 15
-578
Convert 2300 (base 5) to base 4.
11011
-5516 (base 10) to base 3
-21120022
4853 (base 10) to base 11
3712
510 (base 16) to base 10
1296
-3203 (base 7) to base 9
-1485
Convert 6bc (base 15) to base 6.
11023
What is -1110022 (base 4) in base 2?
-1010100001010
2a14 (base 12) to base 15
16c7
Convert 8706 (base 14) to base 7.
125006
What is -1939 (base 12) in base 15?
-d99
What is -338 (base 10) in base 9?
-415
What is 3422 (base 6) in base 16?
326
Convert 100100001 (base 2) to base 10.
289
Convert -1321233 (base 4) to base 11.
-5943
What is 1111010 (base 3) in base 14?
575
Convert -3010230 (base 4) to base 13.
-5964
What is 11022221 (base 3) in base 14?
1217
Convert c0 (base 13) to base 5.
1111
What is -13d0 (base 16) in base 3?
-20221212
Convert 649 (base 11) to base 3.
1001212
-140515 (base 6) to base 5
-410101
What is -1120011 (base 3) in base 8?
-2162
-3685 (base 11) to base 9
-6536
-16a1 (base 13) to base 12
-1b26
What is 25cb (base 15) in base 9?
12052
28a3 (base 12) to base 14
1a1d
What is 8a (base 15) in base 2?
10000010
-a309 (base 11) to base 6
-143202
What is -110100010 (base 2) in base 10?
-418
406 (base 8) to base 3
100201
What is -1001111110101 (base 2) in base 6?
-35353
-13310 (base 4) to base 16
-1f4
What is 1dac (base 15) in base 12?
38a6
What is -2209 (base 14) in base 15?
-1b29
What is 557 (base 14) in base 4?
100201
What is 9c96 (base 13) in base 5?
1200144
What is -1cf (base 16) in base 10?
-463
What is 1110001110010011 (base 2) in base 13?
20696
Convert -243 (base 15) to base 11.
-427
48a (base 11) to base 16
246
Convert 403314 (base 5) to base 6.
135555
3147 (base 11) to base 7
15100
66 (base 10) to base 7
123
What is 2309 (base 11) in base 15?
d74
b175 (base 13) to base 12
12180
What is 51d1 (base 14) in base 4?
3130103
-2002333 (base 4) to base 2
-10000010111111
What is 24c (base 16) in base 14?
300
Convert -329c (base 13) to base 3.
-100200102
What is 33f5 (base 16) in base 4?
3033311
-11447 (base 12) to base 7
-124222
Convert b60 (base 12) to base 5.
23111
805e (base 16) to base 9
50063
Convert -100001110011011 (base 2) to base 11.
-12004
Convert -1f7c (base 16) to base 14.
-2d1a
What is 76a5 (base 11) in base 16?
27ae
What is -340005 (base 7) in base 12?
-2a8a6
What is -141a (base 11) in base 9?
-2460
-4340 (base 7) to base 2
-11000001011
70465 (base 8) to base 12
14931
Convert a52 (base 14) to base 5.
31112
What is 655 (base 7) in base 3?
110101
11002202 (base 3) to base 4
232232
-1288 (base 9) to base 14
-4d5
What is -1b1 (base 13) in base 8?
-471
-1a9 (base 13) to base 6
-1232
1444210 (base 5) to base 11
21476
Convert -104c (base 14) to base 13.
-1384
Convert -347 (base 13) to base 10.
-566
What is -245 (base 9) in base 10?
-203
13929 (base 11) to base 7
111410
-10010001101001101 (base 2) to base 16
-1234d
Convert 11100 (base 2) to base 4.
130
What is 399 (base 11) in base 12?
333
Convert 440205 (base 7) to base 15.
17be0
Convert 2300 (base 10) to base 12.
13b8
-da7 (base 16) to base 13
-178b
13331 (base 7) to base 13
183b
What is 1211 (base 4) in base 3?
10202
What is 114432 (base 5) in base 6?
32115
What is 3133 (base 6) in base 7?
2025
Convert -231 (base 15) to base 7.
-1306
What is 7686 (base 12) in base 9?
18823
-11213302 (base 4) to base 16
-59f2
What is -14d (base 15) in base 10?
-298
What is -2336 (base 11) in base 8?
-5770
Convert -11010101100 (base 2) to base 12.
-ba4
Convert 9fc4 (base 16) to base 13.
15802
Convert 7a9 (base 11) to base 3.
1022210
What is -4554 (base 6) in base 4?
-100312
-1623 (base 9) to base 5
-14421
c92c (base 13) to base 9
42265
Convert 136a (base 16) to base 12.
2a62
What is -20 (base 15) in base 14?
-22
-11110011011001 (base 2) to base 14
-5969
-1313343 (base 5) to base 6
-320454
What is 218 (base 13) in base 9?
438
What is -12310 (base 4) in base 9?
-534
Convert 1239 (base 11) to base 9.
2184
Convert 105124 (base 7) to base 8.
44235
What is -11010011111 (base 2) in base 9?
-2283
11110000 (base 2) to base 16
f0
What is 321 (base 8) in base 11?
180
What is 1101110111 (base 2) in base 5?
12022
Convert 140 (base 9) to base 11.
a7
-210 (base 6) to base 15
-53
Convert -13130 (base 4) to base 6.
-2112
4210 (base 6) to base 3
1021220
What is -2536 (base 7) in base 10?
-958
170 (base 16) to base 13
224
a17 (base 14) to base 10
1981
Convert aa7 (base 12) to base 4.
120133
211202 (base 4) to base 16
962
2411 (base 6) to base 5
4313
190 (base 13) to base 12
1ba
Convert 9595 (base 15) to base 4.
13232120
-40224 (base 6) to base 10
-5272
What is -2430 (base 11) in base 6?
-22415
What is -30212 (base 4) in base 6?
-3422
What is 536 (base 10) in base 7?
1364
What is 32521 (base 6) in base 15?
150d
What is -21421 (base 5) in base 15?
-691
Convert 3d37 (base 16) to base 14.
59d5
Convert 2033422 (base 5) to base 8.
101514
21 (base 13) to base 15
1c
Convert -16f (base 16) to base 2.
-101101111
167 (base 13) to base 16
fe
Convert 557 (base 9) to base 5.
3312
Convert -110010 (base 3) to base 2.
-101000111
2073 (base 12) to base 13
17c7
What is -4764 (base 10) in base 11?
-3641
What is -255 (base 14) in base 15?
-212
Convert 1304 (base 5) to base 14.
108
Convert 250144 (base 7) to base 10.
45700
-1001001101001011 (base 2) to base 10
-37707
Convert -10002110211 (base 3) to base 4.
-32312311
101010110100001 (base 2) to base 12
10829
46725 (base 8) to base 16
4dd5
What is 4112 (base 6) in base 14?
48c
Convert -169a2 (base 11) to base 6.
-302152
-1116 (base 8) to base 5
-4330
Convert 3024 (base 5) to base 12.
285
What is -112222 (base 6) in base 16?
-2576
What is -116130 (base 7) in base 8?
-51530
-1302 (base 7) to base 10
-492
2df (base 16) to base 13
447
-1014 (base 5) to base 13
-a4
What is -1012110 (base 4) in base 15?
-1500
What is -2e4 (base 16) in base 11?
-613
Convert -55364 (base 9) to base 6.
-442051
-4314 (base 6) to base 12
-69a
Convert -533 (base 16) to base 15.
-5db
Convert 2206 (base 7) to base 16.
316
1213 (base 6) to base 15
14c
What is 2a0 (base 13) in base 2?
111010100
Convert 1110111 (base 4) to base 14.
1d77
-571 (base 9) to base 14
-257
-22310 (base 5) to base 9
-2145
67326 (base 8) to base 13
cbb8
12406 (base 11) to base 10
17793
Convert -21422 (base 6) to base 3.
-11001212
Convert 2665 (base 13) to base 5.
133431
2243 (base 5) to base 14
191
Convert 211120 (base 3) to base 8.
1141
What is 5882 (base 10) in base 13?
28a6
2828 (base 10) to base 13
1397
What is 11122220 (base 4) in base 8?
53250
Convert 310113 (base 6) to base 9.
36750
What is -13412 (base 5) in base 14?
-591
-1010001101 (base 2) to base 5
-10103
Convert -84a3 (base 11) to base 2.
-10101111101101
Convert 442c (base 14) to base 15.
376a
Convert 414563 (base 7) to base 3.
10121210102
What is 66477 (base 9) in base 4?
22301212
Convert 23312 (base 9) to base 11.
10769
-11007 (base 11) to base 3
-210220211
738 (base 16) to base 15
833
What is -612 (base 10) in base 5?
-4422
Convert -310 (base 16) to base 4.
-30100
1703 (base 11) to base 13
cba
What is 11d2 (base 14) in base 5?
44444
What is -1276 (base 9) in base 3?
-1022120
What is -6042 (base 8) in base 10?
-3106
What is 5d93 (base 16) in base 4?
11312103
1ac (base 16) to base 4
12230
Convert -32340 (base 5) to base 7.
-6321
What is -13121233 (base 4) in base 5?
-1432234
Convert 966 (base 11) to base 7.
3246
What is -378 (base 9) in base 7?
-626
What is -53157 (base 11) in base 16?
-12e45
a4 (base 14) to base 15
99
511 (base 11) to base 9
755
What is 1962 (base 11)